 the remainder when 2035 is divided by -18*25/(-3150)*1421?
5
Let o be (-14 - -8)*(-2)/(-3). Let g(p) = -20*p + 4. What is the remainder when g(o) is divided by 35?
14
Suppose -9*j + 14*j = 885. Suppose -3*k + j + 57 = 0. What is the remainder when k is divided by 34?
10
Let y be (-54)/(-45) + 2/(-10) + 9. Suppose -w - n - 2 = -8, 4*w - y = 3*n. Suppose -2*f + w*f = 196. What is the remainder when f is divided by 20?
18
Let l(n) = 2*n**2 + 12*n - 13. Calculate the remainder when l(7) is divided by 68/(-1666)*7 + 480/14.
33
Let h(d) = -36*d + 23. Let o be h(-6). Let c = -110 + o. Calculate the remainder when c is divided by 11.
8
Suppose 5*v + 21 = 4*u + 63, 0 = 2*u - 4. Suppose 0 = 5*d + v, -6*z + z - 4*d = -877. What is the remainder when z is divided by 48/(-8)*(-10)/4?
12
What is the remainder when -2*(-2)/(16/604) is divided by 12 - ((-49)/63 + (-2)/9)?
8
Calculate the remainder when -5 - (1 + -12 + -82) is divided by 18.
16
Suppose 721*h - 1196 = 422*h. What is the remainder when 1846 is divided by h?
2
Let d be (-1)/(-3 - (-346)/116). Let v be d*17 - (-2 + -2). Suppose -2*n + 11*n - v = 0. Calculate the remainder when n is divided by 28.
26
Let h = 115 - 115. Suppose 0 = k - 2*w - 69, -3*w - 72 = -k - h*w. What is the remainder when 376 is divided by k?
61
Let h(i) = -i**2 + 8*i - 5. Suppose 3*v = 3*u - 21, u + 4 - 2 = -2*v. Suppose 0*t + t = u. What is the remainder when h(t) is divided by 7?
4
Calculate the remainder when 10624 is divided by 45/(-24)*(-200)/3.
124
Let o be (1/2)/(-2 - -3)*0. Suppose 17 = 5*t + 2*i, o*t - 4*t - 3*i = -15. Suppose -t + 21 = 2*d. Calculate the remainder when d is divided by 4.
1
Let h(r) = 279*r + 535. What is the remainder when h(17) is divided by 10?
8
Suppose 50*y = -57*y + 115*y - 808. Calculate the remainder when y is divided by 18.
11
Let p be (5/(-2))/((-147)/14 + 10). Suppose 2*c + 5*f = 4*c - 14, p*f = 4*c - 48. What is the remainder when 64 is divided by c?
13
Let c = -804 + 1433. What is the remainder when 649 is divided by c?
20
Let l(x) = 1844*x**3 + 8*x**2 - 4*x - 1. What is the remainder when l(1) is divided by 24?
23
Let w be (-9)/(-2) - (-5)/(-4 - -14). Suppose -875 + 145 = -w*p. What is the remainder when p is divided by 37?
35
Let t = 259 + -155. Let c(l) = -15*l - 6. Let a be c(-5). Suppose 70*b = 2*m + a*b - 31, -4*b = 4. What is the remainder when t is divided by m?
14
Let q = 18430 - 11785. Calculate the remainder when q is divided by 23.
21
Suppose -390*k = -288*k - 5406. Suppose -v + 107 = p, -3*p - 52 = 2*v - 371. Calculate the remainder when p is divided by k.
52
Suppose 8 = 3*y - 2*m, -3*m - 2950 = 3*y - 2983. Suppose -k + 33 = -b - 18, 0 = 5*k - b - 259. Calculate the remainder when k is divided by y.
4
Let v(a) = -a**3 + 38*a**2 - 272*a + 23. Calculate the remainder when v(28) is divided by 68.
43
Let r(t) = 4*t - 17. Let m be r(5). Let p be (m + 3)/((-8)/(-12)). Suppose -p*u + 390 = -537. Calculate the remainder when u is divided by 15.
13
Let f = 6 - -4. Let v(h) = -510*h**2 - 17845*h + 182. What is the remainder when f is divided by v(-35)?
3
Suppose -2*b = 2, 0 = -5*v - 0*b - 3*b + 52. Let r(w) = -w**3 + 7*w**2 + 8*w + 4. Let t be r(8). What is the remainder when (-12)/4 + t - -17 is divided by v?
7
Suppose -10*h - 15 + 15 = 0. Suppose -2*l + 9*l - 2009 = h. What is the remainder when l is divided by 36?
35
Suppose w = 4*t + 7, 0 = -2*w - 3*w - 5*t + 135. Let r be -4 - (8/(-4)*-2 + -17). Calculate the remainder when r - 9 - 134/(-2) is divided by w.
21
Let i be (11/(-22))/(2/(-8)). Suppose 5*u - 119 = 4*u + v, -i*v = 2*u - 242. What is the remainder when u is divided by 41?
38
Suppose -2*z + 512 = -i, 661*z + i + 1020 = 665*z. Calculate the remainder when z is divided by 54.
38
What is the remainder when 71 is divided by 41 - (13 - (-430)/(-30))*(4 - 1)?
26
Let m = -233 + 288. Calculate the remainder when 160 is divided by 22/m - 266/(-10).
25
Calculate the remainder when 3219 is divided by (-18)/(-24)*2/(-15)*(-174 - -44).
8
Suppose -8*p + 9*p = -5*i + 281, 0 = i + p - 57. Suppose 3*k = f - 283, -f + 149 + 130 = -k. Calculate the remainder when f is divided by i.
53
What is the remainder when 363 is divided by 21*((-2)/5)/(42/(-35))?
6
Let t(y) = 6*y**2. Let p be t(1). Calculate the remainder when 17 + 0/2 + -4 is divided by 14/35*45/p.
1
Suppose 624 = 6*b + 390. Calculate the remainder when 599 is divided by b.
14
What is the remainder when 8/18 + -7*(-2933)/441 is divided by -1*(-98 + -2)/4?
22
Suppose -5*a - 390 + 105 = 5*w, 0 = 2*a - 3*w + 104. Let h = a - -148. Calculate the remainder when h is divided by ((-99)/(-297))/(2/192).
29
Let u = 6 + 681. Suppose -17*j + 163 = -u. Calculate the remainder when j is divided by 31.
19
Suppose 4*a + 7*a + 11 = 0. Let j(q) = -3*q - 3. Let i be j(a). Suppose w + 5*n = 54, w - n - 30 = -i*n. Calculate the remainder when w is divided by 8.
2
Let n(f) = f**2 - 16*f - 25. Suppose -50 - 35 = -5*y. Let j be n(y). Let r(c) = c**2 + 4*c + 6. Calculate the remainder when 112 is divided by r(j).
36
Let m(l) = 3*l**2 - 11*l - 37. Let c be m(-3). Suppose -c*i = -11*i - 84. What is the remainder when 59 is divided by i?
3
Let m(w) = -w**3 - w + 175. Let p be m(0). Suppose 0*l - 5*l = -p. Calculate the remainder when 7/(l/20 - 6/8) is divided by 7.
0
Let z = 48 + -27. Let a be 121/(-2)*(-3)/(-6)*-4. Suppose 4*u = -7*u + a. What is the remainder when z is divided by u?
10
Let v = 7621 + -7406. What is the remainder when v is divided by -18*(-1 + 3/(-6))?
26
Let r(m) = -2*m**3 - 6*m**2 - 29*m + 9. Suppose g - 15 = 4*k, 3*k = -2*k - 4*g - 24. Calculate the remainder when r(k) is divided by 40.
37
Let u = 293 + -291. Suppose -9*q + 5*q - u*x = -174, -5*x = 5*q - 205. What is the remainder when 135 is divided by q?
43
Suppose -464*s + 135*s - 118*s + 599427 = 0. What is the remainder when s is divided by 60?
21
Suppose 3*k + 13*g = 10*g + 366, 5*k + g - 590 = 0. Calculate the remainder when k is divided by 63.
54
Let c be (0 - 3) + (-20)/8*-62. Suppose -c - 46 = -3*d. Let s = d + -58. What is the remainder when 35 is divided by s?
3
Let n = 14434 + -14420. Let l(r) = 45*r**2 - 5*r - 1. What is the remainder when l(4) is divided by n?
13
Let p = -11564 - -11594. Calculate the remainder when 11969 is divided by p.
29
Suppose -t + 688 = -3*s - 383, -3193 = -3*t + 4*s. Calculate the remainder when t is divided by 178.
169
Suppose -3*z = -35 + 5. Suppose -2*n + z = -3*m + 4*m, 8 = -2*m. Let r = n - -34. Calculate the remainder when r is divided by 21.
20
Let v(m) = m - 15 + 17 + 2*m**3 + 11 + 15 + 44*m**2. Let h be v(-22). Let r = h - -5. Calculate the remainder when 41 is divided by r.
8
Suppose a + 623 = j, -2487 = -4*j + 27*a - 22*a. Calculate the remainder when j is divided by 77.
12
Let d = -110 + 138. Suppose 32*f - d*f = 44. What is the remainder when 71 is divided by f?
5
Suppose -d = -3*f - 7, -5*f - 2 = d + 15. What is the remainder when 4/(-5) + 1445136/19320 is divided by 32/(-1 - f) - 1?
14
Calculate the remainder when 2645 is divided by -4 + 35*30/50.
10
Let q = 1833 - 1736. Calculate the remainder when q is divided by 11.
9
Let u = -22590 + 22600. What is the remainder when 25087 is divided by u?
7
Suppose -277 - 1901 = -30*q + 2832. Calculate the remainder when q is divided by 128.
39
Let d = -8 - -12. Suppose 3*p = -l + 613, -123 = p - 3*l - 314. Let h = p - 180. Calculate the remainder when h is divided by d.
3
Let n be 3*4/24 - 3/6. Let d(u) be the second derivative of u**4/12 + 41*u**2/2 - 4*u. What is the remainder when 204 is divided by d(n)?
40
Suppose -3*m - 710 = u - 1025, 5*u = 4*m - 382. What is the remainder when 642 is divided by m?
24
Let r = -6605 - -6627. What is the remainder when (-587)/(-7) - (-4)/28 is divided by r?
18
Suppose 103*a - 1378 = -95*a + 172*a. Suppose -4*p + 50 + 30 = 0. What is the remainder when a is divided by p?
13
Let h = 24916 - 21559. What is the remainder when h is divided by 73?
72
Let q = 3 - -26. Suppose q = 2*y + 3*p, 9*y - 26 = 6*y - p. Suppose -y*u - 15 = -113. What is the remainder when 67 is divided by u?
11
What is the remainder when 188 is divided by 1 + 144 + (-17 + 10 - -12)?
38
Let v(z) = -2*z**3 + 29*z**2 + 14*z + 14. Let b be v(15). Calculate the remainder when (b - -477) + 1*